{"version":"1.0","provider_name":"Van Haber | Van X Haber | Van Haberleri","provider_url":"https:\/\/vanxhaber.com","author_name":"Van X Haber","author_url":"https:\/\/vanxhaber.com\/index.php\/author\/vangazetesi\/","title":"Van'da b\u00f6yle bir muhtar aday\u0131 g\u00f6r\u00fclmedi 30 proje","type":"rich","width":600,"height":338,"html":"<blockquote class=\"wp-embedded-content\" data-secret=\"xcuj368PDv\"><a href=\"https:\/\/vanxhaber.com\/index.php\/2024\/01\/15\/vanda-boyle-bir-muhtar-adayi-gorulmedi-30-proje\/\">Van&#8217;da b\u00f6yle bir muhtar aday\u0131 g\u00f6r\u00fclmedi 30 proje<\/a><\/blockquote><iframe sandbox=\"allow-scripts\" security=\"restricted\" src=\"https:\/\/vanxhaber.com\/index.php\/2024\/01\/15\/vanda-boyle-bir-muhtar-adayi-gorulmedi-30-proje\/embed\/#?secret=xcuj368PDv\" width=\"600\" height=\"338\" title=\"&#8220;Van&#8217;da b\u00f6yle bir muhtar aday\u0131 g\u00f6r\u00fclmedi 30 proje&#8221; &#8212; Van Haber | Van X Haber | Van Haberleri\" data-secret=\"xcuj368PDv\" frameborder=\"0\" marginwidth=\"0\" marginheight=\"0\" scrolling=\"no\" class=\"wp-embedded-content\"><\/iframe><script type=\"text\/javascript\">\n\/* <![CDATA[ *\/\n\/*! This file is auto-generated *\/\n!function(d,l){\"use strict\";l.querySelector&&d.addEventListener&&\"undefined\"!=typeof URL&&(d.wp=d.wp||{},d.wp.receiveEmbedMessage||(d.wp.receiveEmbedMessage=function(e){var t=e.data;if((t||t.secret||t.message||t.value)&&!\/[^a-zA-Z0-9]\/.test(t.secret)){for(var s,r,n,a=l.querySelectorAll('iframe[data-secret=\"'+t.secret+'\"]'),o=l.querySelectorAll('blockquote[data-secret=\"'+t.secret+'\"]'),c=new RegExp(\"^https?:$\",\"i\"),i=0;i<o.length;i++)o[i].style.display=\"none\";for(i=0;i<a.length;i++)s=a[i],e.source===s.contentWindow&&(s.removeAttribute(\"style\"),\"height\"===t.message?(1e3<(r=parseInt(t.value,10))?r=1e3:~~r<200&&(r=200),s.height=r):\"link\"===t.message&&(r=new URL(s.getAttribute(\"src\")),n=new URL(t.value),c.test(n.protocol))&&n.host===r.host&&l.activeElement===s&&(d.top.location.href=t.value))}},d.addEventListener(\"message\",d.wp.receiveEmbedMessage,!1),l.addEventListener(\"DOMContentLoaded\",function(){for(var e,t,s=l.querySelectorAll(\"iframe.wp-embedded-content\"),r=0;r<s.length;r++)(t=(e=s[r]).getAttribute(\"data-secret\"))||(t=Math.random().toString(36).substring(2,12),e.src+=\"#?secret=\"+t,e.setAttribute(\"data-secret\",t)),e.contentWindow.postMessage({message:\"ready\",secret:t},\"*\")},!1)))}(window,document);\n\/\/# sourceURL=https:\/\/vanxhaber.com\/wp-includes\/js\/wp-embed.min.js\n\/* ]]> *\/\n<\/script>\n","thumbnail_url":"https:\/\/vanxhaber.com\/wp-content\/uploads\/2024\/01\/ay-ten-topaloglu.jpg","thumbnail_width":641,"thumbnail_height":380,"description":"Van \u0130pekyolu il\u00e7esi Vali Mithatbey mahallesi muhtar aday\u0131 &#8220;40 y\u0131ll\u0131k mahalleli bu mahalleye Ayten Toplao\u011flu eli de\u011fmeli&#8221;dedi, Van Haber&#8217;de g\u00fcndem oldu. Vali Mithatbey mahallesi Muhtar aday\u0131 ve Topalo\u011flu Gayrimenkul i\u015fletme sahibi Ayten Toplao\u011flu, Van Haber Gazetesi&#8217;ne konuk olarak a\u00e7\u0131klamada bulundu. Topalo\u011flu, &#8220;Uzun s\u00fcredir emlak\u00e7\u0131l\u0131k hizmeti veriyorum. Vali Mithat Bey mahallesi, b\u00fcy\u00fcd\u00fc\u011f\u00fcm ve bildi\u011fim bir mahalledir. &hellip;"}

Van'da böyle bir muhtar adayı görülmedi 30 proje

<blockquote class="wp-embedded-content" data-secret="xcuj368PDv"><a href="https://vanxhaber.com/index.php/2024/01/15/vanda-boyle-bir-muhtar-adayi-gorulmedi-30-proje/">Van&#8217;da böyle bir muhtar adayı görülmedi 30 proje</a></blockquote><iframe sandbox="allow-scripts" security="restricted" src="https://vanxhaber.com/index.php/2024/01/15/vanda-boyle-bir-muhtar-adayi-gorulmedi-30-proje/embed/#?secret=xcuj368PDv" width="600" height="338" title="&#8220;Van&#8217;da böyle bir muhtar adayı görülmedi 30 proje&#8221; &#8212; Van Haber | Van X Haber | Van Haberleri" data-secret="xcuj368PDv" frameborder="0" marginwidth="0" marginheight="0" scrolling="no" class="wp-embedded-content"></iframe><script type="text/javascript">
/* <![CDATA[ */
/*! This file is auto-generated */
!function(d,l){"use strict";l.querySelector&&d.addEventListener&&"undefined"!=typeof URL&&(d.wp=d.wp||{},d.wp.receiveEmbedMessage||(d.wp.receiveEmbedMessage=function(e){var t=e.data;if((t||t.secret||t.message||t.value)&&!/[^a-zA-Z0-9]/.test(t.secret)){for(var s,r,n,a=l.querySelectorAll('iframe[data-secret="'+t.secret+'"]'),o=l.querySelectorAll('blockquote[data-secret="'+t.secret+'"]'),c=new RegExp("^https?:$","i"),i=0;i<o.length;i++)o[i].style.display="none";for(i=0;i<a.length;i++)s=a[i],e.source===s.contentWindow&&(s.removeAttribute("style"),"height"===t.message?(1e3<(r=parseInt(t.value,10))?r=1e3:~~r<200&&(r=200),s.height=r):"link"===t.message&&(r=new URL(s.getAttribute("src")),n=new URL(t.value),c.test(n.protocol))&&n.host===r.host&&l.activeElement===s&&(d.top.location.href=t.value))}},d.addEventListener("message",d.wp.receiveEmbedMessage,!1),l.addEventListener("DOMContentLoaded",function(){for(var e,t,s=l.querySelectorAll("iframe.wp-embedded-content"),r=0;r<s.length;r++)(t=(e=s[r]).getAttribute("data-secret"))||(t=Math.random().toString(36).substring(2,12),e.src+="#?secret="+t,e.setAttribute("data-secret",t)),e.contentWindow.postMessage({message:"ready",secret:t},"*")},!1)))}(window,document);
//# sourceURL=https://vanxhaber.com/wp-includes/js/wp-embed.min.js
/* ]]> */
</script>

Van İpekyolu ilçesi Vali Mithatbey mahallesi muhtar adayı &#8220;40 yıllık mahalleli bu mahalleye Ayten Toplaoğlu eli değmeli&#8221;dedi, Van Haber&#8217;de gündem oldu. Vali Mithatbey mahallesi Muhtar adayı ve Topaloğlu Gayrimenkul işletme sahibi Ayten Toplaoğlu, Van Haber Gazetesi&#8217;ne konuk olarak açıklamada bulundu. Topaloğlu, &#8220;Uzun süredir emlakçılık hizmeti veriyorum. Vali Mithat Bey mahallesi, büyüdüğüm ve bildiğim bir mahalledir. &hellip;
