{"version":"1.0","provider_name":"Van Haber | Van X Haber | Van Haberleri","provider_url":"https:\/\/vanxhaber.com","author_name":"Van X Haber","author_url":"https:\/\/vanxhaber.com\/index.php\/author\/vangazetesi\/","title":"Haberdar Olun Haz\u0131rl\u0131ks\u0131z Yakalanmay\u0131n","type":"rich","width":600,"height":338,"html":"<blockquote class=\"wp-embedded-content\" data-secret=\"amEEIRsndK\"><a href=\"https:\/\/vanxhaber.com\/index.php\/2024\/01\/25\/haberdar-olun-hazirliksiz-yakalanmayin\/\">Haberdar Olun Haz\u0131rl\u0131ks\u0131z Yakalanmay\u0131n<\/a><\/blockquote><iframe sandbox=\"allow-scripts\" security=\"restricted\" src=\"https:\/\/vanxhaber.com\/index.php\/2024\/01\/25\/haberdar-olun-hazirliksiz-yakalanmayin\/embed\/#?secret=amEEIRsndK\" width=\"600\" height=\"338\" title=\"&#8220;Haberdar Olun Haz\u0131rl\u0131ks\u0131z Yakalanmay\u0131n&#8221; &#8212; Van Haber | Van X Haber | Van Haberleri\" data-secret=\"amEEIRsndK\" frameborder=\"0\" marginwidth=\"0\" marginheight=\"0\" scrolling=\"no\" class=\"wp-embedded-content\"><\/iframe><script type=\"text\/javascript\">\n\/* <![CDATA[ *\/\n\/*! This file is auto-generated *\/\n!function(d,l){\"use strict\";l.querySelector&&d.addEventListener&&\"undefined\"!=typeof URL&&(d.wp=d.wp||{},d.wp.receiveEmbedMessage||(d.wp.receiveEmbedMessage=function(e){var t=e.data;if((t||t.secret||t.message||t.value)&&!\/[^a-zA-Z0-9]\/.test(t.secret)){for(var s,r,n,a=l.querySelectorAll('iframe[data-secret=\"'+t.secret+'\"]'),o=l.querySelectorAll('blockquote[data-secret=\"'+t.secret+'\"]'),c=new RegExp(\"^https?:$\",\"i\"),i=0;i<o.length;i++)o[i].style.display=\"none\";for(i=0;i<a.length;i++)s=a[i],e.source===s.contentWindow&&(s.removeAttribute(\"style\"),\"height\"===t.message?(1e3<(r=parseInt(t.value,10))?r=1e3:~~r<200&&(r=200),s.height=r):\"link\"===t.message&&(r=new URL(s.getAttribute(\"src\")),n=new URL(t.value),c.test(n.protocol))&&n.host===r.host&&l.activeElement===s&&(d.top.location.href=t.value))}},d.addEventListener(\"message\",d.wp.receiveEmbedMessage,!1),l.addEventListener(\"DOMContentLoaded\",function(){for(var e,t,s=l.querySelectorAll(\"iframe.wp-embedded-content\"),r=0;r<s.length;r++)(t=(e=s[r]).getAttribute(\"data-secret\"))||(t=Math.random().toString(36).substring(2,12),e.src+=\"#?secret=\"+t,e.setAttribute(\"data-secret\",t)),e.contentWindow.postMessage({message:\"ready\",secret:t},\"*\")},!1)))}(window,document);\n\/\/# sourceURL=https:\/\/vanxhaber.com\/wp-includes\/js\/wp-embed.min.js\n\/* ]]> *\/\n<\/script>\n","thumbnail_url":"https:\/\/vanxhaber.com\/wp-content\/uploads\/2024\/01\/uyari-yapildi.jpg","thumbnail_width":641,"thumbnail_height":380,"description":"Meteoroloji 14.B\u00f6lge M\u00fcd\u00fcrl\u00fc\u011f\u00fc 16 \u0130l ve Van \u00e7evrelerinde kuvvetli yo\u011fun kar ya\u011f\u0131\u015f\u0131 uyar\u0131s\u0131nda bulundu. Meteoroloji 14.B\u00f6lge M\u00fcd\u00fcrl\u00fc\u011f\u00fc 26 Ocak 2024 Cuma g\u00fcn\u00fc \u00f6\u011fle saatlerinden itibaren Hakkari \u00e7evreleri ve \u015e\u0131rnak&#8217;\u0131n do\u011fusunda yo\u011fun kar (20 cm. \u00fczeri kar \u00f6rt\u00fcs\u00fc), Erzincan&#8217;\u0131n, Tunceli&#8217;nin ve Malatya&#8217;n\u0131n do\u011fusu, Bayburt, Erzurum, Elaz\u0131\u011f, Bing\u00f6l, Kars, Ardahan, A\u011fr\u0131, Bitlis, Mu\u015f, Siirt ve Van \u00e7evrelerinde &hellip;"}

Haberdar Olun Hazırlıksız Yakalanmayın

<blockquote class="wp-embedded-content" data-secret="amEEIRsndK"><a href="https://vanxhaber.com/index.php/2024/01/25/haberdar-olun-hazirliksiz-yakalanmayin/">Haberdar Olun Hazırlıksız Yakalanmayın</a></blockquote><iframe sandbox="allow-scripts" security="restricted" src="https://vanxhaber.com/index.php/2024/01/25/haberdar-olun-hazirliksiz-yakalanmayin/embed/#?secret=amEEIRsndK" width="600" height="338" title="&#8220;Haberdar Olun Hazırlıksız Yakalanmayın&#8221; &#8212; Van Haber | Van X Haber | Van Haberleri" data-secret="amEEIRsndK" frameborder="0" marginwidth="0" marginheight="0" scrolling="no" class="wp-embedded-content"></iframe><script type="text/javascript">
/* <![CDATA[ */
/*! This file is auto-generated */
!function(d,l){"use strict";l.querySelector&&d.addEventListener&&"undefined"!=typeof URL&&(d.wp=d.wp||{},d.wp.receiveEmbedMessage||(d.wp.receiveEmbedMessage=function(e){var t=e.data;if((t||t.secret||t.message||t.value)&&!/[^a-zA-Z0-9]/.test(t.secret)){for(var s,r,n,a=l.querySelectorAll('iframe[data-secret="'+t.secret+'"]'),o=l.querySelectorAll('blockquote[data-secret="'+t.secret+'"]'),c=new RegExp("^https?:$","i"),i=0;i<o.length;i++)o[i].style.display="none";for(i=0;i<a.length;i++)s=a[i],e.source===s.contentWindow&&(s.removeAttribute("style"),"height"===t.message?(1e3<(r=parseInt(t.value,10))?r=1e3:~~r<200&&(r=200),s.height=r):"link"===t.message&&(r=new URL(s.getAttribute("src")),n=new URL(t.value),c.test(n.protocol))&&n.host===r.host&&l.activeElement===s&&(d.top.location.href=t.value))}},d.addEventListener("message",d.wp.receiveEmbedMessage,!1),l.addEventListener("DOMContentLoaded",function(){for(var e,t,s=l.querySelectorAll("iframe.wp-embedded-content"),r=0;r<s.length;r++)(t=(e=s[r]).getAttribute("data-secret"))||(t=Math.random().toString(36).substring(2,12),e.src+="#?secret="+t,e.setAttribute("data-secret",t)),e.contentWindow.postMessage({message:"ready",secret:t},"*")},!1)))}(window,document);
//# sourceURL=https://vanxhaber.com/wp-includes/js/wp-embed.min.js
/* ]]> */
</script>

Meteoroloji 14.Bölge Müdürlüğü 16 İl ve Van çevrelerinde kuvvetli yoğun kar yağışı uyarısında bulundu. Meteoroloji 14.Bölge Müdürlüğü 26 Ocak 2024 Cuma günü öğle saatlerinden itibaren Hakkari çevreleri ve Şırnak&#8217;ın doğusunda yoğun kar (20 cm. üzeri kar örtüsü), Erzincan&#8217;ın, Tunceli&#8217;nin ve Malatya&#8217;nın doğusu, Bayburt, Erzurum, Elazığ, Bingöl, Kars, Ardahan, Ağrı, Bitlis, Muş, Siirt ve Van çevrelerinde &hellip;
